34680114?
True
Is 90255958 a multiple of 41?
False
Does 602 divide 3697408148?
True
Does 114 divide 77789382?
True
Does 396 divide 21801719?
False
Is 2407 a factor of 59515482?
True
Is 82026084 a multiple of 28?
True
Is 533 a factor of 10040121?
True
Is 31092272 a multiple of 359?
True
Is 33 a factor of 192873055?
False
Is 34850907 a multiple of 39?
True
Does 6 divide 13471586?
False
Is 104456976 a multiple of 129?
True
Does 5 divide 14903280?
True
Does 190 divide 565137498?
False
Does 564 divide 94567008?
True
Is 160918183 a multiple of 59?
False
Is 2086 a factor of 2257525522?
True
Is 6871709 a multiple of 169?
True
Does 15 divide 36691995?
True
Is 647413981 a multiple of 41?
False
Is 315 a factor of 73112780?
False
Does 424 divide 407409728?
True
Is 2 a factor of 4224702?
True
Is 80 a factor of 43245132?
False
Is 6916570 a multiple of 118?
True
Is 171935707 a multiple of 39?
False
Is 5 a factor of 8647528?
False
Does 116 divide 884386436?
True
Is 101 a factor of 118003100?
False
Does 26 divide 12298780?
True
Is 2878724075 a multiple of 8968?
False
Does 74 divide 3861320?
True
Is 33403797 a multiple of 5?
False
Is 145 a factor of 51713525?
True
Does 61 divide 59487732?
False
Is 166 a factor of 8938027?
False
Is 1007 a factor of 54074568?
False
Is 839255502 a multiple of 21?
False
Is 101792041 a multiple of 186?
False
Does 8 divide 599187790?
False
Is 10 a factor of 75116188?
False
Is 352543957 a multiple of 34?
False
Is 124 a factor of 957765708?
True
Is 90 a factor of 24678990?
True
Is 48 a factor of 744535104?
True
Does 182 divide 210309973?
False
Is 33395498 a multiple of 1070?
False
Is 1779 a factor of 147913387?
False
Is 19 a factor of 2666410118?
False
Does 36 divide 4600497?
False
Is 69 a factor of 790387548?
True
Is 265 a factor of 7155?
True
Is 35 a factor of 122089905?
True
Is 529481931 a multiple of 3707?
True
Is 4800 a factor of 48416678?
False
Is 154 a factor of 46553168?
False
Is 35 a factor of 11994150?
True
Does 206 divide 520590428?
True
Is 3193608649 a multiple of 9247?
True
Is 420620401 a multiple of 1610?
False
Does 3138 divide 117561355?
False
Is 17 a factor of 44726405?
True
Is 99 a factor of 110682?
True
Is 2 a factor of 186499458?
True
Does 98 divide 4551512?
True
Is 23790357 a multiple of 28?
False
Does 46 divide 4833003295?
False
Is 72186801 a multiple of 88?
False
Is 446078220 a multiple of 15?
True
Is 661628742 a multiple of 3918?
True
Does 426 divide 31206413?
False
Does 9 divide 405972?
True
Is 482602327 a multiple of 13?
False
Is 380555433 a multiple of 17?
False
Does 63 divide 24367242?
False
Does 639 divide 241307487?
True
Does 104 divide 50845288?
True
Does 1819 divide 159467646?
False
Is 321 a factor of 117912288?
True
Is 943 a factor of 12865349?
True
Does 1182 divide 13572653?
False
Is 37041178 a multiple of 29?
True
Is 9 a factor of 2570058?
True
Is 35423507 a multiple of 609?
False
Is 9064840 a multiple of 27?
False
Does 16 divide 22688400?
True
Is 8 a factor of 26902952?
True
Is 8 a factor of 2417050?
False
Does 24 divide 49674624?
True
Is 8 a factor of 296457049?
False
Does 3467 divide 185335560?
False
Is 52972470 a multiple of 9?
True
Does 17 divide 60984916?
True
Is 813650689 a multiple of 4383?
False
Does 45 divide 8026264908?
False
Is 90628661 a multiple of 343?
False
Is 564 a factor of 153061401?
False
Does 12 divide 453505656?
True
Does 333 divide 11960694?
True
Is 735 a factor of 919718250?
False
Is 22 a factor of 662605472?
False
Is 66 a factor of 123588621?
False
Is 21182220 a multiple of 15?
True
Does 3 divide 349367405?
False
Does 4 divide 4845716?
True
Is 27196651 a multiple of 9?
False
Is 474 a factor of 66551666?
False
Is 56 a factor of 1662078381?
False
Is 1260 a factor of 29748438?
False
Is 1540343556 a multiple of 8076?
True
Is 2 a factor of 2228513?
False
Does 58 divide 230289848?
False
Is 594 a factor of 48968172?
True
Does 92 divide 70865590?
False
Is 3988 a factor of 1166935612?
False
Is 424675671 a multiple of 619?
False
Is 34602802 a multiple of 52?
False
Is 347 a factor of 16955330?
False
Is 29 a factor of 1477966527?
True
Is 174762363 a multiple of 579?
False
Is 178396284 a multiple of 841?
True
Is 380842896 a multiple of 392?
True
Does 235 divide 530963083?
False
Does 610 divide 140261570?
True
Is 2091 a factor of 1179346851?
False
Is 1072463040 a multiple of 3520?
True
Is 124551473 a multiple of 176?
False
Does 8 divide 3580457192?
True
Is 384 a factor of 533105280?
True
Is 31 a factor of 120504482?
False
Is 274 a factor of 4935602021?
False
Is 394 a factor of 36578876?
False
Is 17 a factor of 549680737?
True
Does 509 divide 1014019111?
True
Does 13 divide 190473621?
True
Does 464 divide 2017489168?
True
Is 2225 a factor of 151170950?
True
Is 644185050 a multiple of 25?
True
Is 162 a factor of 829801959?
False
Is 5232240 a multiple of 60?
True
Does 18 divide 34152696?
True
Does 5 divide 24587275?
True
Is 11108160 a multiple of 360?
True
Is 299 a factor of 3402294?
False
Is 789 a factor of 304562679?
True
Is 18 a factor of 135881030?
False
Is 17 a factor of 33725518?
True
Does 590 divide 36686200?
True
Does 16 divide 5630198?
False
Is 16 a factor of 6833261?
False
Does 4808 divide 104488328?
False
Does 7 divide 9855138?
False
Is 137918349 a multiple of 235?
False
Is 6459025 a multiple of 251?
False
Does 1995 divide 235298280?
True
Is 263 a factor of 4392370?
False
Is 690602086 a multiple of 303?
False
Is 200 a factor of 103877000?
True
Is 18 a factor of 170517163?
False
Is 933 a factor of 33921811?
False
Does 1024 divide 27348715?
False
Is 100 a factor of 2610605779?
False
Is 35 a factor of 4237205?
True
Is 4888 a factor of 529310501?
False
Is 34 a factor of 1522964686?
True
Is 258 a factor of 215383265?
False
Is 183 a factor of 9960324?
True
Does 15 divide 960727?
False
Is 23281148 a multiple of 245?
False
Is 684 a factor of 410328838?
False
Does 1364 divide 300808376?
True
Is 15339130 a multiple of 117?
False
Is 4754061 a multiple of 22?
False
Is 1661094232 a multiple of 14?
True
Does 790 divide 3343280?
True
Is 69600384 a multiple of 1728?
True
Does 2647 divide 205521021?
True
Does 50 divide 100393500?
True
Is 44 a factor of 1138253688?
True
Is 134350830 a multiple of 34?
True
Is 56809619 a multiple of 2782?
False
Does 18 divide 7715502?
True
Does 75 divide 9707175?
True
Is 202642804 a multiple of 364?
True
Is 159412668 a multiple of 46?
False
Is 69737741 a multiple of 21?
False
Is 145613728 a multiple of 28?
False
Does 20 divide 187724883?
False
Is 123056272 a multiple of 109?
False
Is 6455805736 a multiple of 15626?
False
Does 53 divide 16752501?
False
Is 35 a factor of 1417792460?
True
Is 458557648 a multiple of 8?
True
Does 83 divide 2020490580?
True
Does 3 divide 12493014?
True
Is 381 a factor of 429399192?
True
Is 104138944 a multiple of 32?
True
Is 385 a factor of 20068125?
True
Does 3438 divide 37031353?
False
Is 226370988 a multiple of 12?
True
Is 385503517 a multiple of 10949?
False
Is 696 a factor of 880030752?
True
Is 618 a factor of 15676188?
True
Is 330 a factor of 20373540?
True
Is 4 a factor of 707008871?
False
Does 963 divide 25608096?
True
Is 64629044 a multiple of 153?
False
Is 109 a factor of 440928645?
False
Is 1541645850 a multiple of 3311?
False
Is 288504840 a multiple of 2054?
True
Does 1635 divide 388462261?
False
Is 46 a factor of 1102066128?
False
Is 2954 a factor of 147894964?
True
Is 78118849 a multiple of 2?
False
Is 132578238 a multiple of 13?
True
Is 1346777 a multiple of 111?
False
Does 148 divide 10273986?
False
Does 70 divide 106468600?
True
Does 205 divide 84378346?
False
Does 305 divide 2011518450?
False
Is 204474450 a multiple of 4650?
True
Does 254 divide 85062314?
True
Is 123311474 a multiple of 13?
True
Is 95207697 a multiple of 32?
False
Is 5594050 a multiple of 12?
False
Is 5389115 a multiple of 6?
False
Is 600 a factor of 280597633?
False
Is 95 a factor of 2143331860?
True
Does 292 divide 440788016?
True
Is 110095724 a multiple of 142?
True
Is 292209635 a multiple of 1451?
True
Does 11 divide 8439028?
False
Is 542 a factor of 148028872?
True
Is 425961207 a multiple of 189?
True
Is 820905984 a multiple of 32?
True
Is 509 a factor of 181556228?
True
Is 36 a factor of 487303712?
False
Does 22 divide 79944172?
True
Does 1728 div